n base 3?
-200220
What is -19015 (base 13) in base 2?
-1011110011100000
Convert 3530 (base 10) to base 11.
271a
Convert 5c1a (base 13) to base 5.
404121
2300 (base 9) to base 6
11513
8672 (base 13) to base 8
44373
What is 1325 (base 9) in base 13?
5b7
What is 4380 (base 10) in base 11?
3322
-1011001101011101 (base 2) to base 16
-b35d
-17614 (base 9) to base 7
-50314
What is 1111010 (base 2) in base 8?
172
Convert -21011 (base 3) to base 6.
-521
-17546 (base 8) to base 7
-32302
-40e4 (base 16) to base 15
-4dc7
What is 11333 (base 4) in base 14?
1d5
What is 103323 (base 4) in base 7?
3501
What is 2545 (base 8) in base 11?
1046
Convert -3023 (base 6) to base 13.
-3c0
-1329 (base 10) to base 8
-2461
Convert 97c (base 13) to base 16.
658
What is 1642 (base 15) in base 3?
20120022
3344210 (base 5) to base 13
20cbc
229 (base 10) to base 11
199
Convert -101201 (base 4) to base 11.
-92a
Convert -210527 (base 8) to base 16.
-11157
-87 (base 9) to base 16
-4f
Convert 5621 (base 14) to base 11.
10239
What is 21b6 (base 12) in base 13?
1917
What is 2285 (base 15) in base 7?
30233
-18640 (base 12) to base 8
-105220
-30a (base 12) to base 15
-1e7
What is -85365 (base 9) in base 15?
-11ac5
What is -662 (base 7) in base 12?
-242
What is -113033 (base 4) in base 16?
-5cf
What is -111000 (base 2) in base 12?
-48
-1110323 (base 4) to base 13
-2621
What is -2323312 (base 4) in base 10?
-12022
Convert 35 (base 9) to base 11.
2a
-205 (base 6) to base 7
-140
-2616 (base 7) to base 10
-993
220 (base 16) to base 10
544
Convert 24c (base 14) to base 12.
324
22313 (base 4) to base 14
379
16292 (base 10) to base 5
1010132
-1531 (base 7) to base 16
-262
Convert a440 (base 16) to base 12.
20400
-1c79 (base 14) to base 2
-1010001010011
Convert 622 (base 7) to base 13.
1ab
2c6 (base 14) to base 8
1066
-14b0 (base 12) to base 15
-ac6
What is -3157 (base 10) in base 16?
-c55
What is -1d3 (base 15) in base 16?
-1a7
Convert 60344 (base 9) to base 16.
9ae1
Convert 8886 (base 14) to base 8.
56126
Convert 1041 (base 6) to base 14.
133
Convert -b83 (base 12) to base 5.
-23213
Convert 55313 (base 7) to base 16.
3635
What is 1110010101 (base 2) in base 5?
12132
3330 (base 5) to base 8
721
Convert -96b (base 12) to base 15.
-61e
Convert -1231 (base 4) to base 11.
-9a
What is -3c1c (base 13) in base 12?
-5004
What is -6a4 (base 13) in base 4?
-101330
-531 (base 10) to base 7
-1356
What is 5931 (base 12) in base 15?
2e4d
-aa (base 13) to base 5
-1030
Convert -22001 (base 3) to base 5.
-1332
Convert 45234 (base 6) to base 13.
2b81
-3a2 (base 14) to base 9
-1001
What is 10326 (base 7) in base 15?
b63
Convert 1110100101111 (base 2) to base 3.
101020201
Convert 34503 (base 8) to base 13.
6898
-25323 (base 6) to base 13
-195c
20021221 (base 3) to base 15
155d
Convert 1001031 (base 4) to base 6.
31153
Convert 4020 (base 6) to base 9.
1173
Convert -19355 (base 10) to base 15.
-5b05
Convert 12623 (base 13) to base 15.
a118
-1020001 (base 4) to base 15
-1574
What is -25b3 (base 15) in base 13?
-3879
-600a (base 12) to base 7
-42154
Convert 15440 (base 6) to base 5.
40134
Convert 674a (base 14) to base 6.
214514
Convert 80eb (base 15) to base 7.
142235
782 (base 9) to base 6
2545
511214 (base 6) to base 7
226000
What is -21011110 (base 3) in base 9?
-7143
Convert -12034 (base 9) to base 10.
-8050
Convert -1c125 (base 14) to base 3.
-10122011212
What is -253c (base 14) in base 4?
-1211322
What is -10034 (base 7) in base 10?
-2426
Convert 1531 (base 6) to base 8.
637
Convert 13441 (base 5) to base 2.
10001100001
What is 43a (base 16) in base 7?
3104
Convert -1010001220 (base 3) to base 13.
-9c93
Convert 121110 (base 3) to base 7.
1203
What is 3110102 (base 4) in base 5?
413321
What is -4923 (base 12) in base 15?
-2690
Convert -7a (base 13) to base 15.
-6b
-458 (base 16) to base 15
-4e2
-1021130 (base 5) to base 15
-50b0
Convert 1131303 (base 4) to base 8.
13563
What is 130100 (base 5) in base 16?
13a1
Convert -269 (base 12) to base 11.
-306
623 (base 9) to base 11
421
Convert 2002 (base 4) to base 14.
94
What is 200310 (base 4) in base 11?
163a
What is 1110 (base 3) in base 13?
30
-47691 (base 11) to base 16
-10c63
13020220 (base 4) to base 2
111001000101000
What is -11101000101 (base 2) in base 16?
-745
Convert -20 (base 8) to base 4.
-100
What is 200212220 (base 3) in base 2?
11010111000111
1 (base 6) to base 15
1
-2089 (base 12) to base 10
-3561
21011112 (base 3) to base 6
40105
What is 11210011 (base 3) in base 7?
13111
6a9b (base 14) to base 9
27413
Convert -1965b (base 13) to base 15.
-e99e
Convert 276 (base 16) to base 13.
396
4544 (base 9) to base 14
1321
807 (base 11) to base 15
450
Convert 110001010000 (base 2) to base 8.
6120
Convert 476 (base 9) to base 11.
328
Convert 230 (base 11) to base 2.
100010011
3269 (base 13) to base 3
100121212
-10010000001 (base 2) to base 13
-6a9
What is 34a (base 14) in base 5?
10104
What is -17540 (base 8) in base 15?
-25a7
Convert -22013112 (base 4) to base 2.
-1010000111010110
Convert -185a (base 13) to base 12.
-2120
13659 (base 14) to base 16
bb1f
-43445 (base 6) to base 15
-1ba5
What is -311553 (base 6) in base 5?
-1300203
18141 (base 10) to base 11
126a2
What is 14133 (base 6) in base 14?
b45
What is 2440 (base 5) in base 12?
26a
Convert 21552 (base 8) to base 3.
110102210
-112140 (base 5) to base 11
-3048
645 (base 8) to base 11
353
131 (base 16) to base 15
155
Convert -10352 (base 8) to base 11.
-3287
-15356 (base 8) to base 16
-1aee
Convert 14 (base 6) to base 15.
a
Convert 5038 (base 14) to base 3.
200220000
Convert 1a46 (base 13) to base 5.
111240
Convert 147d (base 15) to base 13.
1ccc
-403 (base 16) to base 7
-2665
3d6 (base 16) to base 10
982
What is -40420 (base 5) in base 13?
-125a
Convert -264 (base 10) to base 6.
-1120
Convert 1541 (base 6) to base 4.
12211
Convert 1043 (base 8) to base 14.
2b1
Convert -23014 (base 6) to base 10.
-3250
20442 (base 5) to base 13
817
462 (base 16) to base 14
5a2
What is -5217 (base 15) in base 4?
-10033003
Convert 5252 (base 11) to base 13.
321c
Convert 1120102112 (base 3) to base 10.
30929
-17f5 (base 16) to base 12
-3671
What is 1032 (base 6) in base 12?
178
What is 115a (base 11) in base 14?
7a5
What is 51836 (base 9) in base 7?
201516
1251 (base 6) to base 2
100111111
Convert 2930a (base 12) to base 14.
16d2a
Convert -8dc (base 14) to base 11.
-1362
Convert 6151 (base 7) to base 6.
13531
What is 1768 (base 9) in base 12?
952
-1586 (base 12) to base 13
-1212
What is -101101001000110 (base 2) in base 15?
-6caa
Convert -10001001001 (base 2) to base 8.
-2111
Convert -101111 (base 7) to base 15.
-5172
What is -8890 (base 13) in base 15?
-599a
What is -20233 (base 4) in base 8?
-1057
What is 33003 (base 6) in base 12?
2763
What is 110 (base 10) in base 15?
75
Convert -54342 (base 9) to base 15.
-aa02
Convert -113 (base 16) to base 13.
-182
Convert 70267 (base 8) to base 4.
13002313
Convert -1111101100100 (base 2) to base 3.
-102000122
Convert -117 (base 11) to base 8.
-213
a43 (base 11) to base 4
103221
What is 450 (base 9) in base 12?
269
-320212 (base 4) to base 2
-111000100110
-18041 (base 10) to base 14
-6809
What is -1204 (base 10) in base 9?
-1577
3ec (base 16) to base 15
46e
Convert 422 (base 5) to base 16.
70
What is 113000 (base 5) in base 15?
1350
What is 279 (base 10) in base 12?
1b3
What is -12361 (base 11) in base 14?
-6669
What is 13045 (base 6) in base 5?
30343
-8977 (base 15) to base 3
-1110222011
Convert 100101110101101 (base 2) to base 12.
b265
12931 (base 11) to base 4
10133322
-1110 (base 3) to base 11
-36
Convert 10101110001101 (base 2) to base 11.
8416
What is 517 (base 13) in base 3?
1012001
Convert 120021100 (base 3) to base 9.
16240
What is -13200 (base 6) in base 3?
-2202200
What is -2001210 (base 3) in base 6?
-10550
84d6 (base 15) to base 10
28101
Convert 1210351 (base 6) to base 7.
353356
Convert 241550 (base 7) to base 13.
16c55
What is 978a (base 12) in base 2?
100000100011010
-1122012 (base 4) to base 9
-7816
What is 13 (base 4) in base 6?
11
What is 3833 (base 11) in base 8?
11605
Convert cc (base 13) to base 11.
143
-52317 (base 11) to base 14
-1db04
What is -422 (base 5) in base 8?
-160
What is 70bc (base 13) in base 11?
10742
10001011001 (base 2) to base 10
1113
What is 